{"id":149,"date":"2014-02-22T00:28:05","date_gmt":"2014-02-21T23:28:05","guid":{"rendered":"http:\/\/cesh-test.unisite-creation.com\/\/?page_id=149"},"modified":"2024-10-03T10:03:23","modified_gmt":"2024-10-03T09:03:23","slug":"links","status":"publish","type":"page","link":"http:\/\/www.cesh-site.eu\/?page_id=149","title":{"rendered":"Resources"},"content":{"rendered":"<h2>National &amp; International Organisations<\/h2>\n<p><a title=\"SISS\" href=\"https:\/\/www.storiasport.com\/\" target=\"_blank\" rel=\"noopener\">SISS<\/a>: Societ\u00e0 Italiana di Storia dello Sport<\/p>\n<p><a title=\"SFHS\" href=\"http:\/\/www.sfhs.fr\/\" target=\"_blank\" rel=\"noopener\">SFHS: <\/a>Soci\u00e9t\u00e9 fran\u00e7aise d&rsquo;histoire du sport<\/p>\n<p><a title=\"BSSH\" href=\"http:\/\/www.sportinhistory.org\/\" target=\"_blank\" rel=\"noopener\">BSSH<\/a>: British Society of Sports Historians<\/p>\n<p><a title=\"SUHS\" href=\"http:\/\/www.suhs.fi\/welcome\/\" target=\"_blank\" rel=\"noopener\">SUHS<\/a>: Finnish Society for Sport History<\/p>\n<p><a title=\"NASSH\" href=\"http:\/\/www.nassh.org\/NASSH\/index.php\" target=\"_blank\" rel=\"noopener\">NASSH<\/a>: North American Society for Sport History<\/p>\n<p><a title=\"ISHPES\" href=\"http:\/\/ishpes.org\/web\/\" target=\"_blank\" rel=\"noopener\">ISHPES<\/a>: International Society for the History of Physical Education and Sport<\/p>\n<p><a title=\"ASSH\" href=\"http:\/\/sporthistory.org\/\" target=\"_blank\" rel=\"noopener\">ASSH<\/a>: Australian Society for Sport History<\/p>\n<h2>University Institutes and Centres for Olympic Studies<\/h2>\n<p><a title=\"ICSHC\" href=\"http:\/\/www.dmu.ac.uk\/research\/research-faculties-and-institutes\/art-design-humanities\/icshc\/international-centre-for-sports-history-and-culture.aspx\" target=\"_blank\" rel=\"noopener\">ICSHC<\/a> (International Centre for Sport History and Culture), De Montfort University Leicester (UK)<\/p>\n<p><a title=\"DSHS\" href=\"https:\/\/www.dshs-koeln.de\/sportgeschichte\/\" target=\"_blank\" rel=\"noopener\">Institut f\u00fcr Sportgeschichte &#8211; DSHS<\/a>, Cologne (DT)<\/p>\n<p><a title=\"MMU\" href=\"http:\/\/www.cheshire.mmu.ac.uk\/sport-history\/members\/\" target=\"_blank\" rel=\"noopener\">Sport and Leisure History Cluster<\/a>, Manchester Metropolitan University, Crewe (UK)<\/p>\n<p><a title=\"UNIL GS&amp;OSC\" href=\"http:\/\/www.unil.ch\/ceogs\/en\/home.html\" target=\"_blank\" rel=\"noopener\">Global Sport and Olympic Studies Centre<\/a>, Universit\u00e9 de Lausanne (Switzerland)<\/p>\n<p><strong>\u00a0<\/strong><\/p>\n<p><a title=\"IOC OSC\" href=\"https:\/\/www.olympic.org\/olympic-studies-centre\" target=\"_blank\" rel=\"noopener\">IOC Olympic Studies Centre<\/a> (OSC), Lausanne (Switzerland)<\/p>\n<p><a title=\"CEO Barcelona\" href=\"http:\/\/www.uab.cat\/web\/investigar\/itinerarios\/relacion-con-el-territorio\/centros-e-institutos-de-investigacion\/instituto-centro-de-investigacion\/centro-de-estudios-olimpicos-ceo-1345467957854.html?param1=1345659450934\" target=\"_blank\" rel=\"noopener\">Centro de Estudios Ol\u00edmpicos<\/a> (CEO), Barcelona (ESP)<\/p>\n<p><a title=\"LA84\" href=\"http:\/\/www.la84.org\/\" target=\"_blank\" rel=\"noopener\">LA84<\/a>, Los Angeles (USA)<\/p>\n<p><a title=\"ICOS\" href=\"http:\/\/www.uwo.ca\/olympic\/\" target=\"_blank\" rel=\"noopener\">ICOS<\/a>: International Center for Olympic Studies at Western University (CAN)<\/p>\n<h2>Libraries &amp; Archives<\/h2>\n<p><a title=\"DSHS Bibliothek\" href=\"http:\/\/www.dshs-koeln.de\/zentralbibliothek\" target=\"_blank\" rel=\"noopener\">Zentralbibliothek der Sportwissenschaft &#8211; DSHS<\/a>, Cologne (DT)<\/p>\n<p><a title=\"LA84 Digital Library\" href=\"http:\/\/search.la84.org\/search?site=default_collection&amp;client=default_frontend&amp;output=xml_no_dtd&amp;proxystylesheet=default_frontend&amp;proxycustom=%3CHOME\/%3E\" target=\"_blank\" rel=\"noopener\">LA84 Digital Library<\/a>, Los Angeles (USA)<\/p>\n<p><a title=\"BSN\" href=\"http:\/\/www.scuoladellosport.coni.it\/scuoladellosport\/biblioteca-e-risorse-editoriali\/biblioteca-sportiva-nazionale.html\" target=\"_blank\" rel=\"noopener\">Biblioteca Sportiva Nazionale<\/a>, Rome (IT)<\/p>\n<p><a title=\"GHI Library\" href=\"http:\/\/www.gih.se\/library\" target=\"_blank\" rel=\"noopener\">GIH Library<\/a>, Stockholm (SUE)<\/p>\n<p><a title=\"ANMT\" href=\"http:\/\/www.archivesnationales.culture.gouv.fr\/camt\/\" target=\"_blank\" rel=\"noopener\">Archives nationales du monde du travail<\/a>, Roubaix (FR)<\/p>\n<h2>Academic Sports History Journals<\/h2>\n<p><a title=\"ESSH\" href=\"http:\/\/www.cesh-site.eu\/?page_id=30\" target=\"_blank\" rel=\"noopener\">European Studies in Sports History<\/a>, Europe<\/p>\n<p><a title=\"SiH\" href=\"http:\/\/www.tandfonline.com\/loi\/rsih20#.V4fozEagDsY\" target=\"_blank\" rel=\"noopener\">Sport in History<\/a>, UK<\/p>\n<p><a title=\"IJHS\" href=\"http:\/\/www.tandfonline.com\/loi\/fhsp20#.V4fpFkagDsY\" target=\"_blank\" rel=\"noopener\">The International Journal of the History of Sport <\/a>, UK<\/p>\n<p><a title=\"Journal of Sport History\" href=\"https:\/\/www.press.uillinois.edu\/journals\/jsh.html\" target=\"_blank\" rel=\"noopener\">Journal of Sport History<\/a>, USA<\/p>\n<p><a title=\"SSS\" href=\"https:\/\/www.cairn.info\/revue-sciences-sociales-et-sport.htm\" target=\"_blank\" rel=\"noopener\">Sciences sociales et sport<\/a>, FR<\/p>\n<p><a title=\"Storia dello sport\" href=\"https:\/\/storia-sport.it\/index.php\/sp\" target=\"_blank\" rel=\"noopener\">Storia dello Sport. Rivista di Studi Contemporanei<\/a>, Italy<\/p>\n<p><a title=\"L&amp;N\" href=\"https:\/\/lancillottoenausica.com\/\" target=\"_blank\" rel=\"noopener\">Lancillotto e Nausica. Critica e storia dello sport<\/a>, Italy<\/p>\n<p><a title=\"Materiales\" href=\"https:\/\/www.upo.es\/revistas\/index.php\/materiales_historia_deporte\" target=\"_blank\" rel=\"noopener\">Materiales para la Historia del Deporte<\/a>, Spain<\/p>\n<p><a title=\"Olympika\" href=\"http:\/\/www.uwo.ca\/olympic\/publications\/olympika.html\" target=\"_blank\" rel=\"noopener\">Olympika<\/a>, Canada<\/p>\n<p><a title=\"Sporting Traditions\" href=\"http:\/\/sporthistory.org\/publications\/sporting-traditions\/\" target=\"_blank\" rel=\"noopener\">Sporting Traditions<\/a>, Australia<\/p>\n<h2>Others<\/h2>\n<p><a href=\"http:\/\/www.sportandeu.com\/\" target=\"_blank\" rel=\"noopener\">Association for the Study of Sport and European Union<\/a><\/p>\n<p><a href=\"http:\/\/www.nish.de\" target=\"_blank\" rel=\"noopener\">Lower Saxony Institute of Sport History (NISH) Nieders\u00e4chsisches Institut f\u00fcr Sportgeschichte Hoya e. V. <\/a><\/p>\n","protected":false},"excerpt":{"rendered":"<p>National &amp; International Organisations SISS: Societ\u00e0 Italiana di Storia dello Sport SFHS: Soci\u00e9t\u00e9 fran\u00e7aise d&rsquo;histoire du sport BSSH: British Society of Sports Historians SUHS: Finnish Society for Sport History NASSH: North American Society for Sport History ISHPES: International Society for &hellip; <a href=\"http:\/\/www.cesh-site.eu\/?page_id=149\">Continuer la lecture <span class=\"meta-nav\">&rarr;<\/span><\/a><\/p>\n","protected":false},"author":1,"featured_media":0,"parent":0,"menu_order":0,"comment_status":"closed","ping_status":"open","template":"sidebar-page.php","meta":{"footnotes":""},"class_list":["post-149","page","type-page","status-publish","hentry"],"_links":{"self":[{"href":"http:\/\/www.cesh-site.eu\/index.php?rest_route=\/wp\/v2\/pages\/149","targetHints":{"allow":["GET"]}}],"collection":[{"href":"http:\/\/www.cesh-site.eu\/index.php?rest_route=\/wp\/v2\/pages"}],"about":[{"href":"http:\/\/www.cesh-site.eu\/index.php?rest_route=\/wp\/v2\/types\/page"}],"author":[{"embeddable":true,"href":"http:\/\/www.cesh-site.eu\/index.php?rest_route=\/wp\/v2\/users\/1"}],"replies":[{"embeddable":true,"href":"http:\/\/www.cesh-site.eu\/index.php?rest_route=%2Fwp%2Fv2%2Fcomments&post=149"}],"version-history":[{"count":20,"href":"http:\/\/www.cesh-site.eu\/index.php?rest_route=\/wp\/v2\/pages\/149\/revisions"}],"predecessor-version":[{"id":2323,"href":"http:\/\/www.cesh-site.eu\/index.php?rest_route=\/wp\/v2\/pages\/149\/revisions\/2323"}],"wp:attachment":[{"href":"http:\/\/www.cesh-site.eu\/index.php?rest_route=%2Fwp%2Fv2%2Fmedia&parent=149"}],"curies":[{"name":"wp","href":"https:\/\/api.w.org\/{rel}","templated":true}]}}